e?
False
Is 4067873 composite?
True
Is 8124983 a prime number?
True
Is 17400329 prime?
True
Is 224648987 composite?
False
Is 70184033 composite?
False
Is 3098593 composite?
True
Is 833057 prime?
True
Is 35885327 composite?
False
Is 56229881 prime?
True
Is 26758547 a prime number?
True
Is 12988135 a prime number?
False
Is 124881359 prime?
False
Is 2747417 a prime number?
False
Is 23824453 prime?
False
Is 4573069 composite?
False
Is 5053723 composite?
False
Is 5770007 a prime number?
False
Is 3450289 a composite number?
False
Is 54243921 a composite number?
True
Is 886253 composite?
True
Is 34831081 a composite number?
True
Is 6229 composite?
False
Is 9314169 a prime number?
False
Is 744019 prime?
True
Is 8907709 a prime number?
False
Is 460231 prime?
True
Is 33595817 composite?
False
Is 35929867 prime?
False
Is 266539267 prime?
True
Is 179175913 a prime number?
False
Is 47461649 prime?
True
Is 2363507 a prime number?
True
Is 8246123 composite?
True
Is 20703707 a prime number?
True
Is 36439913 composite?
False
Is 3678295 a composite number?
True
Is 6735517 a prime number?
False
Is 11657483 composite?
False
Is 3312763 composite?
True
Is 1024439 a composite number?
True
Is 7279117 a prime number?
True
Is 69988273 composite?
False
Is 17323 prime?
False
Is 968408899 a composite number?
False
Is 1272617 prime?
True
Is 951774647 a composite number?
False
Is 4944101 composite?
False
Is 452131 prime?
True
Is 1005541 a composite number?
False
Is 1796923 a composite number?
True
Is 78550463 a prime number?
True
Is 74340611 a prime number?
False
Is 11759827 a prime number?
False
Is 10721023 composite?
True
Is 1599407 composite?
False
Is 33218681 prime?
True
Is 21872233 a prime number?
False
Is 2399234 composite?
True
Is 8664941 composite?
False
Is 9616979 composite?
True
Is 109931629 prime?
True
Is 1746418 prime?
False
Is 2536981 composite?
True
Is 81011857 composite?
True
Is 5103973 a prime number?
False
Is 1058653 a prime number?
True
Is 5191189 prime?
False
Is 4371811 a prime number?
False
Is 4024399 a prime number?
True
Is 1975003 prime?
False
Is 325831029 prime?
False
Is 52221703 composite?
False
Is 8444467 composite?
False
Is 115487 composite?
True
Is 3067297 prime?
True
Is 228263 a composite number?
True
Is 20257 prime?
False
Is 11901433 a prime number?
False
Is 241644503 composite?
False
Is 77945897 a composite number?
False
Is 1158929 composite?
True
Is 42871051 a composite number?
True
Is 666232999 a prime number?
True
Is 3278147 composite?
False
Is 2938213 a composite number?
False
Is 59380421 prime?
True
Is 75005279 a composite number?
True
Is 84914607 a composite number?
True
Is 51078343 composite?
True
Is 13484867 prime?
False
Is 6163463 a prime number?
False
Is 476633 a composite number?
False
Is 108685 a composite number?
True
Is 113893019 a prime number?
True
Is 83449859 a prime number?
True
Is 2139443 a prime number?
False
Is 154712083 a prime number?
False
Is 3657007 prime?
False
Is 471903035 prime?
False
Is 14118623 composite?
True
Is 29235487 a composite number?
False
Is 91455757 composite?
False
Is 10024909 composite?
False
Is 1799381 a prime number?
True
Is 268841 composite?
False
Is 83972291 a composite number?
True
Is 5932445 a prime number?
False
Is 3271291 composite?
True
Is 27363053 prime?
True
Is 60847997 a composite number?
True
Is 155226277 a prime number?
True
Is 383219 composite?
False
Is 1877656747 a composite number?
False
Is 6962857 a composite number?
True
Is 536609 a prime number?
True
Is 363514 a composite number?
True
Is 4736293 a prime number?
False
Is 3984362 composite?
True
Is 24921101 a prime number?
True
Is 40771667 a prime number?
True
Is 9873803 composite?
True
Is 1228021 prime?
True
Is 112861195 prime?
False
Is 2311811 a composite number?
False
Is 1303259 a prime number?
False
Is 202201 a composite number?
False
Is 62748421 a prime number?
False
Is 492751 composite?
True
Is 31276145 a composite number?
True
Is 267382 composite?
True
Is 793289 composite?
True
Is 19845223 prime?
True
Is 24842887 a composite number?
False
Is 209093 prime?
False
Is 69786833 a prime number?
False
Is 12794057 prime?
False
Is 449840093 prime?
False
Is 2957641 a prime number?
True
Is 548857 a composite number?
True
Is 222680093 composite?
True
Is 8350906 composite?
True
Is 10267699 a prime number?
False
Is 243711463 composite?
False
Is 7428233 a composite number?
True
Is 18783797 prime?
True
Is 3726098 prime?
False
Is 6937783 composite?
True
Is 388190261 a prime number?
True
Is 15762089 prime?
False
Is 3261437 composite?
False
Is 3674417 a composite number?
False
Is 33112011 a composite number?
True
Is 283994853 a prime number?
False
Is 14790899 prime?
False
Is 7081297 prime?
False
Is 8815009 prime?
False
Is 11002609 a prime number?
False
Is 4719023 composite?
True
Is 53354843 prime?
False
Is 40525619 composite?
True
Is 58003229 composite?
False
Is 2077457 a composite number?
True
Is 10863373 a prime number?
True
Is 8530577 composite?
True
Is 12446209 composite?
True
Is 31995137 a prime number?
False
Is 330097589 a composite number?
False
Is 2792837 a composite number?
True
Is 24006953 a composite number?
False
Is 25434881 prime?
True
Is 42953915 a prime number?
False
Is 13983617 prime?
False
Is 3201089 prime?
False
Is 7797799 a prime number?
True
Is 15394409 composite?
True
Is 726983 a prime number?
True
Is 16481065 composite?
True
Is 51326107 prime?
False
Is 8752123 a prime number?
True
Is 70248623 a composite number?
False
Is 2758771 composite?
False
Is 10357049 prime?
False
Is 502994111 prime?
True
Is 853888193 a composite number?
False
Is 114569951 prime?
False
Is 1316033 a prime number?
True
Is 388203 composite?
True
Is 3345087 prime?
False
Is 191946697 a prime number?
True
Is 4783165 composite?
True
Is 8592937 composite?
True
Is 5776115 prime?
False
Is 1135249 a composite number?
True
Is 4970611 composite?
False
Is 56450033 a composite number?
False
Is 5928059 prime?
True
Is 520787 a composite number?
False
Is 19817107 a prime number?
True
Is 7037953 a composite number?
True
Is 7439941 a composite number?
True
Is 58392547 prime?
True
Is 4330769 prime?
False
Is 4650653 a prime number?
False
Is 698317 prime?
False
Is 51949361 a composite number?
False
Is 482216695 a composite number?
True
Is 305186555 a prime number?
False
Is 773753 a prime number?
False
Is 11210939 a composite number?
True
Is 35717581 a prime number?
True
Is 5661517 a composite number?
False
Is 23748793 prime?
True
Is 289234667 a composite number?
False
Is 54722567 composite?
False
Is 10042033 a prime number?
False
Is 2735977 prime?
True
Is 43232837 a prime number?
True
Is 16031273 composite?
True
Is 112355401 a composite number?
False
Is 216060241 prime?
True
Is 7946777 composite?
False
Is 32167813 composite?
True
Is 1125132397 a composite number?
False
Is 724249753 composite?
True
Is 309089981 a composite number?
False
Is 197947023 a composite number?
True
Is 1314977 a composite number?
True
Is 13300387 a composite number?
True
Is 106426807 a composite number?
False
Is 9573059 a prime number?
True
Is 179377177 composite?
True
Is 2107999 a prime number?
True
Is 298352165 composite?
True
Is 10167403 composite?
True
Is 22765117 a prime number?
True
Is 8228023 a prime number?
False
Is 813899 a prime number?
False
Is 7420363 a composite number?
False
Is 61014661 a composite number?
False
Is 581934049 composite?
False
Is 20718463 prime?
True
Is 41947606 prime?
False
Is 2346907 prime?
False
Is 169602613 a prime number?
True
Is 16053577 composite?
True
Is 1171447 prime?
True
Is 3415001 prime?
False
Is 64095203 composite?
True
Is 747493 prime?
True
Is 2328377 composite?
False
Is 41207707 prime?
False
Is 212627 a prime number?
True
Is 43181917 a composite number?
False
Is 1843027 prime?
True
Is 43677457 prime?
False
Is 179259181 prime?
True
Is 60153713 composite?
False
Is 61487837 a composite number?
True
Is 25588891 a composite number?
True
Is 2282849 a composite number?
False
Is 299357 prime?
True
Is 178699 composite?
True
Is 4358503 prime?
True
Is 264366749 composite?
False
Is 310691 a prime number?
False
Is 114410273 a composite number?
True
Is 83784781 composite?
True
Is 16532161 a prime number?
True
Is 5830683 a composite number?
True
Is 560603 a composite n